rs of ((-18)/(-24))/(1 + 5/h)?
2
Suppose -118 = -4*p + 1914. Suppose 4*f - 3*s - p = 0, -f - 508 = -5*f + 4*s. What are the prime factors of f?
127
Suppose 5*a = -5 - 0. Let l(w) = -5*w + 1. Let h be l(a). List the prime factors of 57/h + 6/12.
2, 5
Let n = -6 + 9. Suppose -n*f + 2*f = -4. List the prime factors of 0 - (-5 - -3 - f).
2, 3
Let i(s) = 456*s + 2. List the prime factors of i(3).
2, 5, 137
Let p(l) = -6*l**2 - 17*l + 3. Let u(z) = 12*z**2 + 35*z - 6. Let a(y) = -13*p(y) - 6*u(y). What are the prime factors of a(-5)?
2, 23
Suppose 50*p - 39282 - 10218 = 0. What are the prime factors of p?
2, 3, 5, 11
Suppose -20*m + 13585 = -15*m. List the prime factors of m.
11, 13, 19
Let p = 5 + -7. Let h = p - -5. Suppose -6 = -h*o - 4*n + 2, -5*o + 52 = -3*n. What are the prime factors of o?
2
What are the prime factors of (-16)/24 - (-1140)/9?
2, 3, 7
Let c(k) be the third derivative of k**5/60 + 5*k**4/24 - 11*k**3/6 - 10*k**2. List the prime factors of c(-9).
5
Let s(f) = 8*f - 11 - 5*f - 7*f. Let r be s(-9). Suppose 2*h + 2*p = -p + 105, r = 5*p. What are the prime factors of h?
3, 5
Suppose 6*y = -8 + 32. Suppose y*j - 5*o = 577, -3*o - 193 + 54 = -j. List the prime factors of j.
2, 37
Let v be (-59)/(-6) - 2/(-12). Let w = v + -26. Let g = -10 - w. List the prime factors of g.
2, 3
Suppose -3 = -k + 1. List the prime factors of 6/k*(-1104)/(-18).
2, 23
Let v(i) = -i**3 + 8*i**2 - 2*i. Let a be v(6). Suppose 198 - a = 3*w. What are the prime factors of w?
2, 23
Let j(h) = 22*h**2 - 4*h + 8. Let f be ((-33)/22)/((-2)/4). What are the prime factors of j(f)?
2, 97
Let g(d) = -5*d**2 - 2*d + 1. Let s be g(-2). Let o be s/((-5)/(-375)*5). What are the prime factors of (8/((-40)/o))/1?
3, 5
Let u(o) = -o**2 - 17*o + 4. Let j be u(-16). Suppose -j*b = -21*b + 246. List the prime factors of b.
2, 3, 41
Suppose 0*r + 492 = 5*r + 3*v, 4*v = -r + 95. What are the prime factors of r?
3, 11
Suppose 3*k - 15309 = -3*m, 4982 = m - k - 125. What are the prime factors of m?
5, 1021
Suppose i = -2*r - 0*i + 22, -5*i + 20 = 0. Let w = r + 177. What are the prime factors of w?
2, 3, 31
Let h = 72 - -398. What are the prime factors of h?
2, 5, 47
Let x be (48/7)/(9/63). Suppose 0 = -2*u + 5*s - x + 142, 4*u = -4*s + 216. Suppose 0 = 4*m - u - 48. What are the prime factors of m?
5
Suppose -c + 5 = 0, 5*n + c - 3*c - 250 = 0. Let k = -30 + n. Let j = 63 - k. What are the prime factors of j?
41
Let l be (-819)/(-33) + (-14)/(-77). Suppose -l = -2*s + 163. What are the prime factors of s?
2, 47
Suppose 8*g - o = 3*g + 35, 2*o = -10. Let r be (-2 + 1)/(g/(-30)). Suppose 0*v + r*v - 120 = 0. What are the prime factors of v?
2, 3
Let u(q) = -16*q + 473. List the prime factors of u(8).
3, 5, 23
Let b be (-2)/4 + (-20)/(-8). Let p(r) = 9 - 25 + 16 - 2*r + 9*r**2. List the prime factors of p(b).
2
Suppose 5*d + 5*i - 50 = 0, -37 = -4*d + d + 4*i. Suppose -9*o = -d*o + 8. What are the prime factors of 8/((o/7)/2)?
2, 7
Let b(w) = -2*w**2 + 16*w - 3. Let l be b(8). What are the prime factors of 20/(-30)*(-13 - (-1 - l))?
2, 5
Let n be 4/(-1) + (2 - 83). Let t = n + 170. Suppose -3*f = k - 101, 0*f = 3*f + 5*k - t. What are the prime factors of f?
5, 7
Let a(n) = -n**3 - 8*n**2 + n + 5. Let l be a(-11). Let b = -249 + l. What are the prime factors of b?
2, 3
Let j(i) = 0 + 5 + 0*i - 3*i + 6. Let q be j(6). List the prime factors of 2 + ((-6)/(-3) - q).
11
List the prime factors of (2 - -1)/((18/395)/6).
5, 79
Let s(g) be the second derivative of g**4/6 - 3*g**2/2 + 8*g. What are the prime factors of s(6)?
3, 23
Suppose 0 = 3*b - 0*b - 9. Suppose -b*q + 5*i + 39 - 2 = 0, -2*i = -5*q + 30. What are the prime factors of q - -2*(-1)/(-2)?
5
Let s = 4135 + -1379. List the prime factors of s.
2, 13, 53
Suppose -7*b + 2*b = -110. Suppose 2*i - 2*l - 74 = 0, -5*i + b = -4*l - 168. What are the prime factors of i?
2, 3, 7
Let x = -112 + 187. Let j = 14 - 10. Suppose j*m + m = x. What are the prime factors of m?
3, 5
Suppose 17*v - 24*v = -17626. List the prime factors of v.
2, 1259
Let s(a) = a**3 + 46*a**2 + 55*a - 86. What are the prime factors of s(-44)?
2, 683
Let b(s) = s**3 + 9*s**2 + 9*s + 10. Let u be b(-8). Suppose -u*m + 7*m + t = 318, 3*t = -4*m + 261. Suppose -5*i + m = -57. List the prime factors of i.
2, 3
Let i = 13 + -7. Suppose 0 = -2*b + 4 + i. Suppose b*d - 37 = 18. List the prime factors of d.
11
Suppose 1211 = 16*f - 6565. What are the prime factors of f?
2, 3
Let c be (-3 + 36)*(-2)/3. Let y = c - -43. What are the prime factors of (y + 1 - -2) + 0?
2, 3
Let l(p) be the second derivative of p**3/6 + 35*p**2/2 - 2*p + 2. List the prime factors of l(-5).
2, 3, 5
Let l(i) = i**2 - 3*i - 8. Let q be l(6). Suppose 0 = 5*m - k - 144, 2*k = -2*m - q + 58. What are the prime factors of m?
2, 7
Let d(f) be the third derivative of f**4/24 + 4*f**3/3 - 4*f**2. Let y be d(0). Let o(q) = -q**2 + 10*q + 11. List the prime factors of o(y).
3
Let o = 20 - 15. Suppose -o*h - 2*i + 27 = 0, 3*h - 25 = 4*i - 3*i. Suppose l = -4*s + h, -2*l + 0*l + 32 = -s. List the prime factors of l.
3, 5
Let x be (204/153)/(1*2/3). Suppose -x*u + 4*g + 280 = 0, -u + 2*g = 3*g - 134. What are the prime factors of u?
2, 17
What are the prime factors of 1713/2 - 4/8?
2, 107
Let n(h) = -h**3 + 9*h**2 + 12*h + 12. Let k = -19 - -28. What are the prime factors of n(k)?
2, 3, 5
Suppose 38 = g + 32. Suppose 7*u + 216 = 4*u. What are the prime factors of (5/(-2))/(g/u)?
2, 3, 5
Suppose -30*m = -6*m - 1200. Let a be (-4)/((0 + 1)/(-1)). Suppose -a*d - 4*g + 140 = 0, -2*g + m = d + 2*g. List the prime factors of d.
2, 3, 5
Suppose 0 = -4*f - 2*d + 1089 + 1783, 2154 = 3*f - 4*d. What are the prime factors of f?
2, 359
Let q(h) = -13*h + 809. Let f(v) = 5*v - 270. Let y(i) = 11*f(i) + 4*q(i). What are the prime factors of y(0)?
2, 7, 19
Suppose -114*s + 2336 = -110*s. List the prime factors of s.
2, 73
Suppose -6*a + 430 = -2096. List the prime factors of a.
421
Let z = 113 - 104. Suppose 5*j + s = z*j - 256, 2*s - 55 = -j. List the prime factors of j.
3, 7
Suppose -13183 = -4*v + 2713. What are the prime factors of v?
2, 1987
Let g(f) = -f**2 + 10*f + 2. Let d = 22 + -12. Let z be g(d). Suppose -2*j + 23 = 5*l - 0*j, 3*j - 7 = -z*l. What are the prime factors of l?
5
Let l(x) be the third derivative of x**5/20 + x**4/6 - 3*x**3/2 + 21*x**2. List the prime factors of l(-8).
151
Let m(l) = -l**3 + 27*l**2 + 30*l - 44. Suppose 4*q - 2*g - 55 = 59, 0 = -4*q - g + 111. List the prime factors of m(q).
2, 3
Let a(n) = -5*n**2 + 13 + 7 + 6*n**2 + 4*n - 5*n + n**3. Let m be a(0). Let t = m + -7. What are the prime factors of t?
13
Let n(a) = -47*a**3 - a**2 + 3*a - 5. Let x be n(2). Let f = -197 - x. List the prime factors of f.
2, 7, 13
Let j(p) = -3*p**2 + p. Let d be j(-1). Let i(b) = -11*b + 5. Let a be i(d). Let v = a + -25. What are the prime factors of v?
2, 3
What are the prime factors of 5*8/(-260) - 2082/(-13)?
2, 5
Let f be (-2)/5*(2 + 3). Let p(x) be the second derivative of x**4/4 + x**3/6 + x**2 + 24*x. List the prime factors of p(f).
2, 3
Suppose -26 = -o + 33. Suppose 0 = -0*m + 5*m. Suppose o = -m*i + i. List the prime factors of i.
59
What are the prime factors of ((-1)/(16/(-84)))/((-5)/(-320))?
2, 3, 7
Suppose 26*k - 62621 = -8983. List the prime factors of k.
2063
Let f be ((-1)/1 - 2) + 11. Let o = f + -6. Suppose 3*w - a - 50 = 0, 4*a - 76 = -5*w + o*a. List the prime factors of w.
2
Let g = 53 - 52. Let x be 2/(-8) + (-81)/12. Let z = g - x. List the prime factors of z.
2
Let d be ((-2)/6)/(2/78). Let k = d - -40. List the prime factors of k.
3
Let z(t) = t**2 + 7*t - 12. Let v = -34 - -37. Suppose v*w - 23 = -5. List the prime factors of z(w).
2, 3, 11
Suppose 0 = -7*k + 250 - 96. Let h(c) = -c**3 + 21*c**2 + 25*c + 18. List the prime factors of h(k).
2, 3, 7
Suppose 4*p + g - 728 = 0, 4*g + 182 = p - 0*g. Let n = p - -72. List the prime factors of 2/(-5) + n/10.
5
Let x be (-20)/(-8)*(-48)/(-15). Let y be 2/x*2*6. Suppose -j = -2*g + 15, 35 = y*g + g + 3*j. List the prime factors of g.
2
Let h = 3053 + -2057. List the prime factors of h.
2, 3, 83
Let g = 205 + 128. List the prime factors of g.
3, 37
Let q be 3/(-3)*(2 + -2). Suppose 5*p + q*p = 370. Suppose -4 = 5*n - p. List the pri